 factors of 649924.
2, 11, 14771
What are the prime factors of 251953?
13, 19381
What are the prime factors of 33258766?
2, 17, 29, 89, 379
What are the prime factors of 252241?
11, 23, 997
What are the prime factors of 3021747?
3, 1007249
What are the prime factors of 36078?
2, 3, 7, 859
What are the prime factors of 138525?
3, 5, 1847
What are the prime factors of 5147326?
2, 29, 88747
List the prime factors of 9313974.
2, 3, 173, 997
List the prime factors of 12547028.
2, 13, 101, 2389
List the prime factors of 15881.
15881
List the prime factors of 243509.
7, 43, 809
What are the prime factors of 651294?
2, 3, 7, 1723
What are the prime factors of 667531?
667531
What are the prime factors of 9147911?
19, 481469
What are the prime factors of 22825?
5, 11, 83
What are the prime factors of 5988358?
2, 79, 151, 251
What are the prime factors of 319220?
2, 5, 11, 1451
What are the prime factors of 668650?
2, 5, 43, 311
List the prime factors of 2743455.
3, 5, 11, 13, 1279
List the prime factors of 6428739.
3, 367, 5839
List the prime factors of 503939.
503939
What are the prime factors of 15591990?
2, 3, 5, 519733
List the prime factors of 4669780.
2, 5, 233489
What are the prime factors of 5769213?
3, 523, 3677
List the prime factors of 447829.
447829
What are the prime factors of 4121045?
5, 29, 97, 293
What are the prime factors of 2795722?
2, 1397861
What are the prime factors of 363484?
2, 11, 751
List the prime factors of 846990.
2, 3, 5, 3137
What are the prime factors of 1363865?
5, 41, 6653
What are the prime factors of 1536006?
2, 3, 59, 4339
List the prime factors of 2264980.
2, 5, 269, 421
List the prime factors of 269201.
269201
What are the prime factors of 11840728?
2, 401, 3691
What are the prime factors of 2317779?
3, 23, 11197
List the prime factors of 5734223.
11, 37, 73, 193
What are the prime factors of 411086?
2, 13, 97, 163
What are the prime factors of 225844?
2, 131, 431
List the prime factors of 357984.
2, 3, 11, 113
List the prime factors of 5044202.
2, 29, 86969
What are the prime factors of 14045168?
2, 877823
What are the prime factors of 28176205?
5, 61, 92381
What are the prime factors of 16791074?
2, 71, 118247
What are the prime factors of 71468?
2, 17, 1051
List the prime factors of 191699.
191699
List the prime factors of 250390.
2, 5, 7, 73
List the prime factors of 2211083.
7, 37, 8537
What are the prime factors of 1104582?
2, 3, 227, 811
What are the prime factors of 561701?
7, 29, 2767
What are the prime factors of 5629249?
59, 73, 1307
List the prime factors of 2742320.
2, 5, 7, 59, 83
What are the prime factors of 510353?
31, 101, 163
List the prime factors of 9874605.
3, 5, 13, 79, 641
List the prime factors of 339974.
2, 169987
List the prime factors of 741932.
2, 185483
What are the prime factors of 1301231?
17, 76543
List the prime factors of 275081.
139, 1979
List the prime factors of 3749496.
2, 3, 156229
List the prime factors of 14165.
5, 2833
List the prime factors of 17061980.
2, 5, 13, 137, 479
What are the prime factors of 313573?
13, 24121
List the prime factors of 44867.
44867
What are the prime factors of 27295466?
2, 11, 1240703
List the prime factors of 7994614.
2, 3997307
What are the prime factors of 2780273?
2780273
List the prime factors of 1301420.
2, 5, 65071
List the prime factors of 617730.
2, 3, 5, 59, 349
List the prime factors of 950328.
2, 3, 67, 197
What are the prime factors of 1555160?
2, 5, 17, 2287
What are the prime factors of 1033533?
3, 101, 379
What are the prime factors of 1563552?
2, 3, 61, 89
List the prime factors of 3531367.
7, 131, 3851
List the prime factors of 64818.
2, 3, 13, 277
What are the prime factors of 2849533?
1523, 1871
List the prime factors of 5512202.
2, 2756101
List the prime factors of 1048810.
2, 5, 7, 14983
What are the prime factors of 26234387?
26234387
List the prime factors of 1173292.
2, 521, 563
List the prime factors of 24476591.
113, 216607
What are the prime factors of 327268?
2, 81817
What are the prime factors of 4453336?
2, 31, 17957
What are the prime factors of 159251?
163, 977
What are the prime factors of 10965490?
2, 5, 1096549
What are the prime factors of 196657?
196657
List the prime factors of 486654.
2, 3, 7, 11587
What are the prime factors of 18805931?
157, 119783
List the prime factors of 328744.
2, 13, 29, 109
List the prime factors of 3701961.
3, 37, 11117
What are the prime factors of 12157?
12157
What are the prime factors of 390743?
390743
List the prime factors of 13921319.
19, 73, 10037
What are the prime factors of 3956?
2, 23, 43
What are the prime factors of 143384?
2, 17923
List the prime factors of 5038439.
7, 19, 43, 881
List the prime factors of 161890.
2, 5, 16189
What are the prime factors of 2310?
2, 3, 5, 7, 11
What are the prime factors of 165994?
2, 82997
List the prime factors of 89476.
2, 22369
List the prime factors of 2514983.
83, 157, 193
List the prime factors of 820132.
2, 205033
What are the prime factors of 26233749?
3, 2914861
List the prime factors of 222588.
2, 3, 229
What are the prime factors of 101812?
2, 25453
What are the prime factors of 11913640?
2, 5, 297841
List the prime factors of 4946731.
4946731
List the prime factors of 118361.
118361
What are the prime factors of 842327?
19, 43, 1031
List the prime factors of 3687183.
3, 269, 1523
List the prime factors of 23569.
7, 13, 37
What are the prime factors of 1499789?
227, 6607
What are the prime factors of 31069969?
7, 90583
List the prime factors of 1008192.
2, 3, 59, 89
List the prime factors of 23051583.
3, 1051, 2437
What are the prime factors of 539187?
3, 11, 16339
What are the prime factors of 3239?
41, 79
List the prime factors of 1284636.
2, 3, 107053
What are the prime factors of 211522?
2, 105761
What are the prime factors of 2067775?
5, 107, 773
List the prime factors of 1950556.
2, 337, 1447
What are the prime factors of 46061?
46061
List the prime factors of 9469438.
2, 11, 523, 823
List the prime factors of 29203098.
2, 3, 151, 32233
List the prime factors of 17735749.
17735749
List the prime factors of 62553.
3, 29, 719
List the prime factors of 234718.
2, 11, 47, 227
List the prime factors of 218413.
13, 53, 317
List the prime factors of 4220413.
19, 222127
What are the prime factors of 2650733?
347, 7639
What are the prime factors of 396316?
2, 99079
What are the prime factors of 2629772?
2, 83, 89
List the prime factors of 185323.
185323
List the prime factors of 10028645.
5, 11, 182339
List the prime factors of 459028.
2, 114757
List the prime factors of 828948.
2, 3, 37, 1867
What are the prime factors of 787870?
2, 5, 78787
List the prime factors of 2004240.
2, 3, 5, 7, 1193
List the prime factors of 398166.
2, 3, 66361
List the prime factors of 92049.
3, 61, 503
What are the prime factors of 365934?
2, 3, 71, 859
List the prime factors of 764626.
2, 17, 43, 523
List the prime factors of 16858349.
701, 24049
What are the prime factors of 5439434?
2, 7, 11, 13, 19
List the prime factors of 7210494.
2, 3, 509, 787
List the prime factors of 962494.
2, 13, 37019
What are the prime factors of 272612?
2, 17, 19, 211
What are the prime factors of 819321?
3, 273107
List the prime factors of 43962.
2, 3, 17, 431
What are the prime factors of 10561894?
2, 7, 754421
List the prime factors of 276448.
2, 53, 163
What are the prime factors of 761761?
7, 11, 13, 761
What are the prime factors of 192734?
2, 29, 3323
List the prime factors of 1091923.
7, 389, 401
What are the prime factors of 117140?
2, 5, 5857
List the prime factors of 1003607.
11, 91237
List the prime factors of 2152949.
2152949
List the prime factors of 798634.
2, 193, 2069
What are the prime factors of 3145898?
2, 7, 47, 683
What are the prime factors of 2233296?
2, 3, 13, 1193
What are the prime factors of 7584474?
2, 3, 79, 16001
What are the prime factors of 18378?
2, 3, 1021
What are the prime factors of 278295?
3, 5, 18553
What are the prime factors of 33905938?
2, 11, 191, 8069
What are the prime factors of 247175?
5, 9887
What are the prime factors of 657093?
3, 219031
List the prime factors of 197889.
3, 65963
What are the prime factors of 1338877?
1338877
What are the prime factors of 15531669?
3, 191749
List the prime factors of 515682.